 is divided by 3?
2
Calculate the remainder when 338 is divided by 11.
8
Calculate the remainder when 166 is divided by 12.
10
Calculate the remainder when 246 is divided by 67.
45
Calculate the remainder when 173 is divided by 25.
23
Calculate the remainder when 8 is divided by 4.
0
Calculate the remainder when 572 is divided by 36.
32
Calculate the remainder when 81 is divided by 52.
29
Calculate the remainder when 451 is divided by 65.
61
What is the remainder when 250 is divided by 15?
10
What is the remainder when 99 is divided by 12?
3
What is the remainder when 3020 is divided by 36?
32
Calculate the remainder when 3752 is divided by 16.
8
Calculate the remainder when 340 is divided by 47.
11
What is the remainder when 631 is divided by 70?
1
Calculate the remainder when 126 is divided by 126.
0
What is the remainder when 959 is divided by 350?
259
What is the remainder when 53 is divided by 20?
13
What is the remainder when 81 is divided by 4?
1
Calculate the remainder when 8293 is divided by 11.
10
What is the remainder when 1237 is divided by 277?
129
Calculate the remainder when 122 is divided by 102.
20
What is the remainder when 126 is divided by 19?
12
Calculate the remainder when 640 is divided by 131.
116
Calculate the remainder when 1857 is divided by 203.
30
What is the remainder when 337 is divided by 58?
47
Calculate the remainder when 1584 is divided by 34.
20
Calculate the remainder when 345 is divided by 128.
89
What is the remainder when 452 is divided by 67?
50
What is the remainder when 14 is divided by 9?
5
What is the remainder when 1612 is divided by 1595?
17
What is the remainder when 602 is divided by 104?
82
Calculate the remainder when 802 is divided by 64.
34
What is the remainder when 211 is divided by 21?
1
Calculate the remainder when 106 is divided by 66.
40
Calculate the remainder when 2496 is divided by 279.
264
Calculate the remainder when 31227 is divided by 17.
15
What is the remainder when 826 is divided by 46?
44
What is the remainder when 340 is divided by 88?
76
Calculate the remainder when 386 is divided by 39.
35
Calculate the remainder when 482 is divided by 23.
22
What is the remainder when 268 is divided by 92?
84
Calculate the remainder when 1324 is divided by 439.
7
Calculate the remainder when 262 is divided by 38.
34
Calculate the remainder when 237 is divided by 88.
61
What is the remainder when 461 is divided by 50?
11
Calculate the remainder when 656 is divided by 33.
29
Calculate the remainder when 177 is divided by 27.
15
What is the remainder when 2206 is divided by 316?
310
Calculate the remainder when 2734 is divided by 8.
6
What is the remainder when 34 is divided by 13?
8
What is the remainder when 80 is divided by 27?
26
Calculate the remainder when 51 is divided by 41.
10
Calculate the remainder when 59 is divided by 15.
14
Calculate the remainder when 80 is divided by 23.
11
What is the remainder when 1630 is divided by 312?
70
Calculate the remainder when 163 is divided by 42.
37
What is the remainder when 24331 is divided by 79?
78
What is the remainder when 249 is divided by 64?
57
Calculate the remainder when 3721 is divided by 73.
71
What is the remainder when 372 is divided by 76?
68
What is the remainder when 1747 is divided by 125?
122
Calculate the remainder when 662 is divided by 13.
12
Calculate the remainder when 658 is divided by 10.
8
What is the remainder when 1012 is divided by 504?
4
What is the remainder when 206 is divided by 75?
56
Calculate the remainder when 3440 is divided by 38.
20
What is the remainder when 49 is divided by 11?
5
Calculate the remainder when 1134 is divided by 82.
68
What is the remainder when 644 is divided by 87?
35
What is the remainder when 227 is divided by 53?
15
What is the remainder when 82 is divided by 12?
10
What is the remainder when 18 is divided by 9?
0
Calculate the remainder when 193 is divided by 62.
7
Calculate the remainder when 7309 is divided by 7.
1
Calculate the remainder when 38576 is divided by 223.
220
What is the remainder when 429 is divided by 20?
9
What is the remainder when 97 is divided by 14?
13
What is the remainder when 2034 is divided by 7?
4
What is the remainder when 3340 is divided by 1668?
4
What is the remainder when 63 is divided by 18?
9
Calculate the remainder when 99 is divided by 21.
15
What is the remainder when 890 is divided by 99?
98
Calculate the remainder when 1618 is divided by 9.
7
Calculate the remainder when 58 is divided by 4.
2
Calculate the remainder when 267 is divided by 27.
24
Calculate the remainder when 17458 is divided by 10.
8
Calculate the remainder when 38759 is divided by 19.
18
What is the remainder when 112 is divided by 23?
20
What is the remainder when 338 is divided by 4?
2
Calculate the remainder when 595 is divided by 30.
25
What is the remainder when 4099 is divided by 50?
49
What is the remainder when 1028 is divided by 52?
40
What is the remainder when 285 is divided by 48?
45
Calculate the remainder when 264 is divided by 129.
6
What is the remainder when 588 is divided by 49?
0
Calculate the remainder when 359 is divided by 26.
21
Calculate the remainder when 4907 is divided by 2452.
3
Calculate the remainder when 5423 is divided by 6.
5
What is the remainder when 257 is divided by 3?
2
What is the remainder when 652 is divided by 630?
22
Calculate the remainder when 113 is divided by 108.
5
Calculate the remainder when 208 is divided by 14.
12
Calculate the remainder when 317 is divided by 15.
2
Calculate the remainder when 419 is divided by 88.
67
Calculate the remainder when 233 is divided by 62.
47
What is the remainder when 320 is divided by 129?
62
What is the remainder when 16036 is divided by 54?
52
What is the remainder when 193 is divided by 51?
40
What is the remainder when 493 is divided by 26?
25
Calculate the remainder when 43 is divided by 23.
20
Calculate the remainder when 4400 is divided by 2195.
10
What is the remainder when 226 is divided by 39?
31
What is the remainder when 201 is divided by 59?
24
What is the remainder when 1400 is divided by 52?
48
Calculate the remainder when 1307 is divided by 91.
33
Calculate the remainder when 1651 is divided by 7.
6
Calculate the remainder when 3337 is divided by 51.
22
What is the remainder when 48 is divided by 11?
4
What is the remainder when 1103 is divided by 13?
11
What is the remainder when 691 is divided by 258?
175
Calculate the remainder when 135 is divided by 16.
7
Calculate the remainder when 292 is divided by 67.
24
What is the remainder when 358 is divided by 91?
85
Calculate the remainder when 126 is divided by 51.
24
What is the remainder when 176 is divided by 43?
4
What is the remainder when 23710 is divided by 228?
226
Calculate the remainder when 45 is divided by 21.
3
Calculate the remainder when 705 is divided by 21.
12
Calculate the remainder when 300 is divided by 18.
12
What is the remainder when 915 is divided by 54?
51
Calculate the remainder when 227 is divided by 118.
109
Calculate the remainder when 3625 is divided by 453.
1
Calculate the remainder when 659 is divided by 63.
29
Calculate the remainder when 2139 is divided by 706.
21
Calculate the remainder when 451 is divided by 142.
25
Calculate the remainder when 48 is divided by 38.
10
Calculate the remainder when 120 is divided by 18.
12
What is the remainder when 511 is divided by 27?
25
Calculate the remainder when 227 is divided by 181.
46
What is the remainder when 48 is divided by 10?
8
Calculate the remainder when 10088 is divided by 57.
56
What is the remainder when 191 is divided by 54?
29
What is the remainder when 8429 is divided by 16?
13
Calculate the remainder when 82 is divided by 43.
39
Calculate the remainder when 477 is divided by 161.
155
Calculate the remainder when 201 is divided by 51.
48
What is the remainder when 96 is divided by 60?
36
What is the remainder when 729 is divided by 15?
9
What is the remainder when 27038 is divided by 20?
18
What is the remainder when 1461 is divided by 43?
42
What is the remainder when 202 is divided by 93?
16
Calculate the remainder when 1510 is divided by 414.
268
What is the remainder when 113 is divided by 67?
46
Calculate the remainder when 1102 